{"id":15731,"date":"2025-05-15T14:23:47","date_gmt":"2025-05-15T17:23:47","guid":{"rendered":"https:\/\/mrmanutencaopadarias.com.br\/?page_id=15731"},"modified":"2025-05-15T15:20:47","modified_gmt":"2025-05-15T18:20:47","slug":"instalacao-de-equipamentos","status":"publish","type":"page","link":"https:\/\/mrmanutencaopadarias.com.br\/?page_id=15731","title":{"rendered":"Instala\u00e7\u00e3o de Equipamentos"},"content":{"rendered":"<p>Realizamos a instala\u00e7\u00e3o completa de equipamentos de panifica\u00e7\u00e3o, garantindo que tudo funcione de forma correta e segura desde o primeiro dia. Nossos t\u00e9cnicos s\u00e3o treinados para orientar sua equipe sobre o uso adequado dos equipamentos e assegurar o melhor desempenho desde o in\u00edcio da opera\u00e7\u00e3o.<\/p><p><\/p>","protected":false},"excerpt":{"rendered":"<p>Realizamos a instala\u00e7\u00e3o completa de equipamentos de panifica\u00e7\u00e3o, garantindo que tudo funcione de forma correta e segura desde o primeiro<\/p>\n","protected":false},"author":1,"featured_media":0,"parent":0,"menu_order":0,"comment_status":"closed","ping_status":"closed","template":"","meta":{"_joinchat":[],"footnotes":""},"class_list":["post-15731","page","type-page","status-publish","hentry"],"_links":{"self":[{"href":"https:\/\/mrmanutencaopadarias.com.br\/index.php?rest_route=\/wp\/v2\/pages\/15731","targetHints":{"allow":["GET"]}}],"collection":[{"href":"https:\/\/mrmanutencaopadarias.com.br\/index.php?rest_route=\/wp\/v2\/pages"}],"about":[{"href":"https:\/\/mrmanutencaopadarias.com.br\/index.php?rest_route=\/wp\/v2\/types\/page"}],"author":[{"embeddable":true,"href":"https:\/\/mrmanutencaopadarias.com.br\/index.php?rest_route=\/wp\/v2\/users\/1"}],"replies":[{"embeddable":true,"href":"https:\/\/mrmanutencaopadarias.com.br\/index.php?rest_route=%2Fwp%2Fv2%2Fcomments&post=15731"}],"version-history":[{"count":2,"href":"https:\/\/mrmanutencaopadarias.com.br\/index.php?rest_route=\/wp\/v2\/pages\/15731\/revisions"}],"predecessor-version":[{"id":15744,"href":"https:\/\/mrmanutencaopadarias.com.br\/index.php?rest_route=\/wp\/v2\/pages\/15731\/revisions\/15744"}],"wp:attachment":[{"href":"https:\/\/mrmanutencaopadarias.com.br\/index.php?rest_route=%2Fwp%2Fv2%2Fmedia&parent=15731"}],"curies":[{"name":"wp","href":"https:\/\/api.w.org\/{rel}","templated":true}]}}